ided by 4.
0
Suppose -51*r = -312*r + 71 + 190. Let u = -2 - -1. What is the remainder when 2 - u/2*0 is divided by r?
0
Let x(g) = g**3 - 7*g**2. Let w be x(7). Suppose 10 = -5*q - t, 0 = -5*q - 3*t - w*t - 20. Let h = 7 - q. Calculate the remainder when h is divided by 5.
3
Let k = 362 + -20. Suppose k - 93 = 3*v. What is the remainder when v is divided by 28?
27
Suppose -4*a = -9 - 11. Suppose a*k + f - 13 = 18, -4*k = -f - 32. Calculate the remainder when 34 is divided by k.
6
Let d be (-8)/(-52) - ((-906)/26 - -2). Let i = -72 + 44. Let p = i + d. Calculate the remainder when p is divided by 3.
2
Let k = 90 - 67. Let q(y) = -2*y - 4. Let v be q(-3). Suppose 5*o = 0, 3*u - 20 = -2*u - v*o. Calculate the remainder when k is divided by u.
3
Suppose -8 = 2*j, -4*j = -5*y - 6*j - 3. Suppose 3 - y = -d - 5*z, -5*d = -3*z + 10. Let m(a) = -2*a + 5. What is the remainder when 24 is divided by m(d)?
6
Let p be ((-18)/(-5))/(18/(-60)). Let d = p + 99. Calculate the remainder when d is divided by 11.
10
Suppose 0 = -3*h + 253 + 140. Calculate the remainder when h is divided by 16.
3
Suppose 2*n = -4*w + 48 + 100, 144 = 4*w + 3*n. Suppose -2*l + l = -10. What is the remainder when w is divided by l?
9
Let o(f) = 11*f**2 - f - 2. Let c be o(-1). Suppose c*b - 1471 = -71. What is the remainder when b is divided by 24?
20
Suppose -87 - 51 = -2*u. Suppose r + 0*f = -3*f + u, -12 = 4*f. What is the remainder when r is divided by 14?
8
Let l = 84 + -50. Suppose -1768*h = -1764*h - 52. Calculate the remainder when l is divided by h.
8
Let b(x) = x**3 - 12*x**2 + 17*x + 34. Calculate the remainder when 48 is divided by b(10).
0
Let n(u) = -u**3 - 25*u**2 - u - 11. Let f = 81 + -106. What is the remainder when 54*(-1 + 2) - -1 is divided by n(f)?
13
Let g(y) = -y**2 + 43*y - 128. Calculate the remainder when g(16) is divided by 18.
16
Suppose -2*x = 3*h - 27, -2*x + h + 42 = 3*x. Let v be -1 + (10 + -2)/(-4). Let g = 20 + v. Calculate the remainder when g is divided by x.
8
Let d(u) = -14*u - 14. Calculate the remainder when d(-12) is divided by 16.
10
Suppose 33 = -a + 3*x, 5*a + 0*x + 3*x = -129. Let p = -2 - a. What is the remainder when p is divided by 13?
12
Let m(d) = -2*d + 9. Let c be m(18). Let h = c - -37. Calculate the remainder when h is divided by 3.
1
Let j(m) = 33*m - 120. What is the remainder when 57 is divided by j(4)?
9
Suppose -5*y = 2*r - 15, -y + 4 - 37 = -2*r. Calculate the remainder when 89 is divided by r.
14
Let b(w) = w**2 - 20*w + 18. Let o(x) = x**3 - 4*x**2 + 4*x + 4. Let g be o(4). What is the remainder when 35 is divided by b(g)?
17
Let h = 535 + -460. What is the remainder when 292 is divided by h?
67
Let c = 12 + 15. Let x be ((-24)/9 + 2)*-327*1. Suppose 7*m - 5*m - x = r, -4*r = 5*m - 519. What is the remainder when m is divided by c?
26
What is the remainder when 2/(((-80)/(-115))/8) is divided by 15?
8
Let x(b) = 2*b**3 - 2*b**2 - 15*b + 30. Calculate the remainder when 21 is divided by x(2).
5
Suppose -604 + 122 = -3*o + 4*n, o = 2*n + 158. What is the remainder when o is divided by 28?
26
Suppose 9*c - 103 = 509. Calculate the remainder when 129 is divided by c.
61
Let l(k) = -k**2 + 3*k + 9. Let a be l(4). Let x be (-1)/5 + 31/a. Suppose -2*p - 40 = -x*p. Calculate the remainder when 17 is divided by p.
7
Let j(h) = -h + 35. Let y(f) = -2*f + 53. Let v(m) = 8*j(m) - 5*y(m). Calculate the remainder when 207 is divided by v(0).
12
Calculate the remainder when 118 is divided by ((-13)/(-26))/(1/128).
54
Suppose 4*a - 6*a = -102. Suppose 5*x = 14 + a. Calculate the remainder when 50 is divided by x.
11
Let r be ((-54)/10)/(3/(-15)). Let l = 54 - r. Let c(j) = j**3 - 2*j**2 - 4*j - 2. What is the remainder when l is divided by c(4)?
13
Suppose 4*g - 40 = 48. Let l = 9 + -21. Let n = 24 + l. What is the remainder when g is divided by n?
10
Calculate the remainder when 156 is divided by 1 - 3 - ((-629)/17 + -8).
27
Suppose -229 = -11*a + 750. Suppose 9*t - a = 10. What is the remainder when 118 is divided by t?
8
Suppose 0 = -2*n - 3*o + 311, -3*n + 0*o - 4*o + 464 = 0. What is the remainder when n is divided by 38?
34
Let m = 39 + -22. Suppose -55 - 77 = -3*s. Calculate the remainder when s is divided by m.
10
Suppose k + 354 = 5*r, -463 + 112 = -5*r + 4*k. Calculate the remainder when r is divided by 18.
17
Suppose a + 2*l + 23 = 0, 4*a + l = 2*l - 47. Let i = a - -30. What is the remainder when i is divided by 10?
7
Let j = 63 - 53. Calculate the remainder when j is divided by ((3 - 0) + -6)/(-1).
1
Let j = 391 + -194. Let m = j + -137. Calculate the remainder when m is divided by 3/(-5) + 316/10.
29
Let v(l) = -l**3 - 9*l**2 - l - 10. Let z be v(-10). Suppose -61*r - z = -66*r. Calculate the remainder when 93 is divided by r.
13
Let j = -83 - -116. Suppose 5*u - 12 = 2*o, -21*o = -23*o + 8. Calculate the remainder when j is divided by u.
1
Suppose 0*o - 10 = -5*o + 3*v, 2*o = 3*v - 5. Suppose -74 = -i + t, i + 0*i - 62 = o*t. Suppose -i - 94 = -3*k. What is the remainder when k is divided by 15?
12
Let b(m) = m**2 - 2*m - 1. Let x be b(-1). Let a be 0/((-1 + x)*-2). Suppose -2*y - r + 34 = 0, a = 2*r - 3*r. Calculate the remainder when y is divided by 9.
8
Let y(t) = t**3 + 14*t**2 - 3*t - 40. Calculate the remainder when 2 is divided by y(-14).
0
Let f(m) = m**3 - 11*m**2 - 6*m + 21. Let a = -78 - -90. What is the remainder when f(a) is divided by 16?
13
Let v(y) = -y**3 + y + 269. Let i be v(0). Suppose -k + 2*r = -81, 3*k - 3*r + i = 7*k. What is the remainder when k is divided by 25?
21
Suppose -15*y + 322 - 37 = 0. Suppose 181 + 27 = 4*v. What is the remainder when v is divided by y?
14
What is the remainder when 17 is divided by -2 - (3 + -10 + 4) - -5?
5
Calculate the remainder when 34 is divided by (350/(-40) + 4)/(1/(-4)).
15
Let l(y) = -14*y + 6. Let h be l(-6). Suppose -16*f = -18*f + h. What is the remainder when 176 is divided by f?
41
Let i = 17 - 15. Suppose -i*o - 64 = -3*q, -q = 6*o - o - 27. Calculate the remainder when q is divided by 8.
6
Suppose -6*q + 309 - 69 = 0. What is the remainder when 158 is divided by q?
38
Let x(w) = w**2 - 4*w - 5. Let i be x(5). Suppose 0 = -2*t - i*t, -3*u = 4*t - 81. What is the remainder when 106 is divided by u?
25
Let o(g) = 9*g**2 + 2*g + 68. Calculate the remainder when o(9) is divided by 68.
67
Let b = 89 - 64. Let v = 12 - -59. Suppose 0 = -5*c - 6 + v. What is the remainder when b is divided by c?
12
Let x = 1368 - 1329. Calculate the remainder when 129 is divided by x.
12
Let c(z) = 11*z - 34. Let v be c(7). Let d = v - 24. What is the remainder when 36 is divided by d?
17
Let n = 52 + -52. Suppose -20*b + 23*b - 501 = n. Calculate the remainder when b is divided by 34.
31
Let s = -50 - -59. Calculate the remainder when 111 is divided by s.
3
Let r be (-2 - 1)/(-3) + 2. Suppose r*h = h + 80. Suppose 0 = -2*q + h - 6. What is the remainder when q is divided by 6?
5
Suppose 21*h + 324 = 33*h. Calculate the remainder when h is divided by 14.
13
Let a(f) = 6*f + 254. What is the remainder when a(0) is divided by 51?
50
Let f be -10*-2*4/16*2. Suppose 75 = f*x - 505. What is the remainder when x is divided by 31?
27
Let s = 9 - 77. Let x = -21 - s. Let a(m) = 25*m - 1. Calculate the remainder when x is divided by a(1).
23
Suppose -13*w + 5043 = -417. What is the remainder when w is divided by 47?
44
Suppose 268*n = 278*n - 6360. Calculate the remainder when n is divided by 71.
68
Let y(f) = -1 + 4 + 4*f**2 - 2*f**2 - 15*f + 1. Let n = -10 + 38. Calculate the remainder when y(10) is divided by n.
26
Suppose 4*u = n - 31, -2*n - 4 = -u - 38. Suppose 0*y - 2*y + 54 = 0. Suppose 2*x - y = x. Calculate the remainder when x is divided by n.
12
Suppose -13*q + 449 = -1410. What is the remainder when q is divided by 8?
7
What is the remainder when 432 is divided by (-20)/((-121)/(-22) - (1 + 5))?
32
Let q = 46 + -44. Suppose -5*n = -q*n - 141. What is the remainder when 137 is divided by n?
43
Suppose 4*b - 4*r - 40 = 0, 2 - 3 = r. Suppose -44 - 509 = -21*g + 140. Calculate the remainder when g is divided by b - (0/3 - 0).
6
Suppose -65 + 5 = -6*u. Calculate the remainder when 135 is divided by u.
5
Suppose 807 = 6*n - 189. Calculate the remainder when n is divided by 4